are the prime factors of 20215379?
31, 73, 8933
List the prime factors of 5138541.
3, 570949
List the prime factors of 378451.
337, 1123
List the prime factors of 15206500.
2, 5, 17, 1789
List the prime factors of 34126363.
71, 83, 5791
What are the prime factors of 668596?
2, 167149
What are the prime factors of 423939?
3, 251, 563
List the prime factors of 1204969.
1204969
List the prime factors of 333217.
17, 1153
List the prime factors of 2259541.
137, 16493
What are the prime factors of 877463?
877463
List the prime factors of 4471250.
2, 5, 7, 73
What are the prime factors of 306416?
2, 11, 1741
List the prime factors of 2917631.
227, 12853
What are the prime factors of 29953?
7, 11, 389
What are the prime factors of 159240?
2, 3, 5, 1327
List the prime factors of 10482397.
1187, 8831
What are the prime factors of 309810?
2, 3, 5, 23, 449
What are the prime factors of 23718671?
43, 551597
List the prime factors of 135458.
2, 89, 761
List the prime factors of 10659365.
5, 47, 67, 677
List the prime factors of 15755389.
13, 19, 227, 281
List the prime factors of 3941002.
2, 13, 41, 3697
List the prime factors of 11875024.
2, 7, 229, 463
What are the prime factors of 15574348?
2, 59, 65993
List the prime factors of 144273.
3, 48091
What are the prime factors of 2568807?
3, 89, 1069
What are the prime factors of 14070116?
2, 43, 179, 457
List the prime factors of 17087946.
2, 3, 2847991
What are the prime factors of 2059375?
5, 659
List the prime factors of 1938000.
2, 3, 5, 17, 19
List the prime factors of 18148476.
2, 3, 61, 24793
List the prime factors of 6534619.
7, 13, 71809
What are the prime factors of 324936?
2, 3, 4513
List the prime factors of 2485260.
2, 3, 5, 13807
What are the prime factors of 7331002?
2, 7, 397, 1319
What are the prime factors of 159510?
2, 3, 5, 13, 409
List the prime factors of 23424274.
2, 11712137
What are the prime factors of 1433684?
2, 7, 51203
What are the prime factors of 1531338?
2, 3, 31, 8233
What are the prime factors of 2257358?
2, 23, 31, 1583
What are the prime factors of 978569?
978569
What are the prime factors of 10794346?
2, 5397173
What are the prime factors of 3416728?
2, 7, 17, 37, 97
List the prime factors of 14155113.
3, 7, 97, 6949
What are the prime factors of 2157734?
2, 73, 14779
List the prime factors of 138703.
17, 41, 199
List the prime factors of 339531.
3, 113177
What are the prime factors of 113961?
3, 37987
What are the prime factors of 3209344?
2, 25073
What are the prime factors of 1378026?
2, 3, 13, 151
What are the prime factors of 1654755?
3, 5, 107, 1031
What are the prime factors of 480360?
2, 3, 5, 4003
List the prime factors of 326344.
2, 19, 113
What are the prime factors of 333573?
3, 111191
What are the prime factors of 4180688?
2, 41, 6373
List the prime factors of 5394196.
2, 1348549
List the prime factors of 103281.
3, 173, 199
List the prime factors of 500176.
2, 43, 727
What are the prime factors of 9327756?
2, 3, 777313
What are the prime factors of 158683?
7, 22669
List the prime factors of 9045165.
3, 5, 603011
What are the prime factors of 324764?
2, 11, 61
List the prime factors of 45237.
3, 17, 887
What are the prime factors of 9803?
9803
What are the prime factors of 1179335?
5, 149, 1583
List the prime factors of 3851256.
2, 3, 37, 4337
List the prime factors of 24477760.
2, 5, 76493
What are the prime factors of 2993853?
3, 17, 47, 1249
What are the prime factors of 97492?
2, 24373
What are the prime factors of 10996968?
2, 3, 458207
What are the prime factors of 97953?
3, 103, 317
What are the prime factors of 302276?
2, 13, 5813
What are the prime factors of 144336?
2, 3, 31, 97
List the prime factors of 3033966.
2, 3, 13, 97, 401
List the prime factors of 15783151.
1597, 9883
List the prime factors of 194827.
194827
List the prime factors of 1894156.
2, 11, 43049
List the prime factors of 1045979.
11, 95089
List the prime factors of 1698848.
2, 53089
List the prime factors of 125271.
3, 31, 449
What are the prime factors of 240403?
311, 773
What are the prime factors of 651338?
2, 17, 19157
What are the prime factors of 625748?
2, 156437
What are the prime factors of 5020235?
5, 11, 97, 941
List the prime factors of 25447417.
353, 72089
List the prime factors of 29192732.
2, 97, 75239
List the prime factors of 19678229.
19678229
List the prime factors of 3360548.
2, 840137
What are the prime factors of 2094391?
13, 31, 5197
What are the prime factors of 562413?
3, 187471
What are the prime factors of 12052868?
2, 47, 61, 1051
What are the prime factors of 82533?
3, 11, 41, 61
List the prime factors of 265074.
2, 3, 44179
What are the prime factors of 663041?
151, 4391
What are the prime factors of 320944?
2, 13, 1543
What are the prime factors of 12706310?
2, 5, 17, 41, 1823
List the prime factors of 1545622.
2, 13, 59447
List the prime factors of 314628.
2, 3, 157, 167
List the prime factors of 8957370.
2, 3, 5, 298579
What are the prime factors of 190680?
2, 3, 5, 7, 227
List the prime factors of 18425270.
2, 5, 1842527
What are the prime factors of 346895?
5, 69379
What are the prime factors of 2472422?
2, 1236211
What are the prime factors of 651174?
2, 3, 108529
What are the prime factors of 1411553?
11, 13, 9871
List the prime factors of 7896551.
13, 17, 35731
What are the prime factors of 91584?
2, 3, 53
List the prime factors of 331228.
2, 17, 4871
What are the prime factors of 846790?
2, 5, 7, 12097
List the prime factors of 1169822.
2, 584911
What are the prime factors of 41951570?
2, 5, 4195157
What are the prime factors of 2376312?
2, 3, 99013
List the prime factors of 15401890.
2, 5, 7, 61, 3607
What are the prime factors of 394052?
2, 29, 43, 79
What are the prime factors of 9188764?
2, 13, 83, 2129
List the prime factors of 336839.
167, 2017
What are the prime factors of 9052738?
2, 17, 449, 593
List the prime factors of 1182992.
2, 107, 691
List the prime factors of 3467473.
17, 203969
List the prime factors of 679146.
2, 3, 13, 8707
What are the prime factors of 931048?
2, 116381
What are the prime factors of 702547?
79, 8893
What are the prime factors of 2398834?
2, 1199417
What are the prime factors of 51827?
51827
List the prime factors of 18012059.
13, 23, 107, 563
What are the prime factors of 1552287?
3, 11, 17, 2767
What are the prime factors of 1999516?
2, 499879
What are the prime factors of 245870?
2, 5, 23, 1069
What are the prime factors of 218578?
2, 293, 373
What are the prime factors of 3212210?
2, 5, 321221
What are the prime factors of 3139522?
2, 19, 82619
What are the prime factors of 25817755?
5, 907, 5693
List the prime factors of 1475289.
3, 23, 7127
List the prime factors of 9792202.
2, 7, 699443
List the prime factors of 7458866.
2, 43, 2017
What are the prime factors of 10470772?
2, 13, 61, 3301
What are the prime factors of 2869615?
5, 7, 163, 503
What are the prime factors of 838230?
2, 3, 5, 27941
What are the prime factors of 2821628?
2, 241, 2927
What are the prime factors of 4250972?
2, 11, 8783
List the prime factors of 417054.
2, 3, 11, 71, 89
What are the prime factors of 1817300?
2, 5, 17, 1069
List the prime factors of 1273492.
2, 11, 103, 281
What are the prime factors of 3136489?
283, 11083
List the prime factors of 363833.
363833
What are the prime factors of 42826?
2, 7, 19, 23
What are the prime factors of 213232?
2, 13327
List the prime factors of 2061685.
5, 41, 89, 113
List the prime factors of 6366689.
7, 29, 79, 397
What are the prime factors of 7198806?
2, 3, 1199801
List the prime factors of 27888764.
2, 1153, 6047
List the prime factors of 136389.
3, 11, 4133
List the prime factors of 293596.
2, 29, 2531
What are the prime factors of 407807?
407807
List the prime factors of 16770220.
2, 5, 23, 36457
What are the prime factors of 2304173?
1361, 1693
List the prime factors of 366164.
2, 91541
List the prime factors of 29874110.
2, 5, 7, 426773
List the prime factors of 784087.
784087
What are the prime factors of 467217?
3, 51913
What are the prime factors of 1094677?
47, 23291
What are the prime factors of 2583433?
59, 43787
List the prime factors of 9927830.
2, 5, 11, 17, 5309
List the prime factors of 1520911.
7, 31039
List the prime factors of 6317270.
2, 5, 47, 13441
List th